99 a prime number?
False
Is 90119 a prime number?
False
Is 79493 composite?
False
Is 58915 a prime number?
False
Is 2950681 prime?
False
Is 12451 prime?
True
Is 6547 a composite number?
False
Is 39279 a prime number?
False
Is 14163 prime?
False
Is 33049 a prime number?
True
Is 19387 prime?
True
Is 53255 composite?
True
Is 1085339 a prime number?
False
Is 215563 prime?
True
Is 11677 prime?
True
Is 1233007 a composite number?
True
Is 10617 a composite number?
True
Is 1164419 a composite number?
False
Is 13259 prime?
True
Is 124557 composite?
True
Is 75967 a prime number?
True
Is 3763 a composite number?
True
Is 123653 composite?
False
Is 33527 composite?
True
Is 888977 composite?
True
Is 28603 a composite number?
False
Is 19191 prime?
False
Is 241219 a prime number?
False
Is 46337 composite?
False
Is 2607859 composite?
True
Is 32962 prime?
False
Is 78083 a prime number?
False
Is 12869 a prime number?
False
Is 330805 a prime number?
False
Is 67631 a composite number?
False
Is 597127 a composite number?
False
Is 8053 a prime number?
True
Is 64333 a prime number?
True
Is 59 composite?
False
Is 131509 a prime number?
False
Is 145109 a composite number?
False
Is 979 prime?
False
Is 274489 composite?
False
Is 103511 a composite number?
False
Is 48407 composite?
False
Is 26329 a prime number?
False
Is 53443 composite?
True
Is 687595 prime?
False
Is 1432081 composite?
True
Is 2743 a prime number?
False
Is 3389 composite?
False
Is 57347 a prime number?
True
Is 1341409 a prime number?
True
Is 3862 a prime number?
False
Is 6469 prime?
True
Is 44537 a prime number?
True
Is 392781 a composite number?
True
Is 230495 a composite number?
True
Is 15689 prime?
False
Is 68939 composite?
True
Is 1361 a prime number?
True
Is 952535 composite?
True
Is 29983 a prime number?
True
Is 9227 composite?
False
Is 242197 composite?
False
Is 3226919 prime?
False
Is 2840549 a prime number?
True
Is 215293 prime?
False
Is 590899 composite?
False
Is 2413 prime?
False
Is 1565 prime?
False
Is 791239 prime?
False
Is 20689 prime?
False
Is 27239 prime?
True
Is 610271 a composite number?
False
Is 177491 a prime number?
False
Is 30029 a prime number?
True
Is 76166 prime?
False
Is 86323 composite?
False
Is 14983 composite?
False
Is 394061 a prime number?
False
Is 239651 a composite number?
True
Is 101917 prime?
True
Is 150697 composite?
False
Is 1612783 prime?
False
Is 242779 prime?
True
Is 8761 a prime number?
True
Is 2293 a composite number?
False
Is 8009 a composite number?
False
Is 1147561 a prime number?
True
Is 23089 a composite number?
True
Is 2333 prime?
True
Is 59723 composite?
False
Is 1029395 a prime number?
False
Is 483929 a composite number?
False
Is 11959 a prime number?
True
Is 128377 a prime number?
True
Is 54719 a prime number?
False
Is 21377 a prime number?
True
Is 16619 a composite number?
False
Is 1643 a prime number?
False
Is 117965 prime?
False
Is 8033 a prime number?
False
Is 99595 a composite number?
True
Is 8057 a prime number?
False
Is 114551 a prime number?
False
Is 14699 a composite number?
False
Is 16601 composite?
True
Is 18191 a prime number?
True
Is 71447 a prime number?
False
Is 351217 a prime number?
True
Is 219845 composite?
True
Is 493853 a composite number?
False
Is 455671 a composite number?
True
Is 967514 a prime number?
False
Is 48569 prime?
False
Is 725309 prime?
False
Is 94811 a prime number?
True
Is 8185 composite?
True
Is 602737 composite?
True
Is 146213 a composite number?
False
Is 746 composite?
True
Is 47087 prime?
True
Is 352181 a prime number?
True
Is 5917 a prime number?
False
Is 24071 a composite number?
False
Is 1752749 a composite number?
False
Is 5099 composite?
False
Is 6623 a composite number?
True
Is 18743 composite?
False
Is 167347 prime?
False
Is 582506 a prime number?
False
Is 106 a composite number?
True
Is 52214 a composite number?
True
Is 1148437 prime?
True
Is 163793 composite?
True
Is 3184561 prime?
True
Is 157919 composite?
True
Is 26747 a prime number?
False
Is 999561 composite?
True
Is 2927 prime?
True
Is 61331 a prime number?
True
Is 22006 a composite number?
True
Is 105437 a prime number?
True
Is 369763 a prime number?
False
Is 398771 composite?
False
Is 30127 prime?
False
Is 3595 a prime number?
False
Is 22807 prime?
True
Is 11441 a prime number?
False
Is 4139 a prime number?
True
Is 63221 prime?
False
Is 44417 a composite number?
False
Is 33401 a composite number?
True
Is 845869 composite?
True
Is 17471 composite?
False
Is 179857 composite?
True
Is 9793 composite?
True
Is 41671 prime?
False
Is 17903 a prime number?
True
Is 222623 prime?
False
Is 37951 a prime number?
True
Is 9091 a composite number?
False
Is 78137 composite?
False
Is 317829 prime?
False
Is 67369 a prime number?
True
Is 53651 prime?
False
Is 304277 prime?
False
Is 5591 composite?
False
Is 24997 a composite number?
True
Is 44819 composite?
False
Is 76649 a prime number?
True
Is 2106119 a prime number?
False
Is 58697 a composite number?
True
Is 2787 a prime number?
False
Is 43889 a prime number?
True
Is 751 a prime number?
True
Is 6121 prime?
True
Is 4037 a prime number?
False
Is 35749 a composite number?
True
Is 461293 composite?
True
Is 92341 prime?
False
Is 1931 a composite number?
False
Is 424087 a composite number?
True
Is 203545 prime?
False
Is 136207 a composite number?
False
Is 37607 composite?
False
Is 228347 prime?
False
Is 1752881 a composite number?
True
Is 3037 prime?
True
Is 144103 composite?
False
Is 37517 prime?
True
Is 1243 a composite number?
True
Is 732461 a composite number?
False
Is 147073 a composite number?
False
Is 380707 a composite number?
False
Is 270407 prime?
True
Is 32663 composite?
True
Is 1003 a prime number?
False
Is 92611 prime?
False
Is 220283 composite?
True
Is 8143 composite?
True
Is 247803 a prime number?
False
Is 2315297 composite?
True
Is 26627 a composite number?
False
Is 9143 a composite number?
True
Is 2809109 composite?
True
Is 375371 a composite number?
False
Is 246527 a composite number?
False
Is 62273 prime?
True
Is 1345 a prime number?
False
Is 284587 a prime number?
True
Is 5557 prime?
True
Is 24929 a prime number?
False
Is 10367 prime?
False
Is 142529 a composite number?
False
Is 5539 composite?
True
Is 916613 a prime number?
True
Is 92821 composite?
False
Is 14961 composite?
True
Is 121747 composite?
True
Is 655 composite?
True
Is 719 prime?
True
Is 96043 composite?
False
Is 16721 prime?
False
Is 17657 composite?
False
Is 262489 prime?
True
Is 15493 composite?
False
Is 64594 a prime number?
False
Is 1108535 a prime number?
False
Is 7339 prime?
False
Is 26615 prime?
False
Is 2681785 prime?
False
Is 18793 a prime number?
True
Is 2646001 prime?
True
Is 1070981 a prime number?
True
Is 10279 composite?
True
Is 18641 prime?
False
Is 1406983 composite?
False
Is 146711 a prime number?
False
Is 9871 a prime number?
True
Is 34403 a prime number?
True
Is 82201 a prime number?
False
Is 37121 a composite number?
True
Is 538649 a composite number?
False
Is 10513 a prime number?
True
Is 892261 prime?
True
Is 26449 a prime number?
True
Is 1807 a prime number?
False
Is 181 a prime number?
True
Is 82541 a composite number?
True
Is 5077 a composite number?
False
Is 83365 prime?
False
Is 36887 a prime number?
True
Is 1183343 composite?
True
Is 3062877 a prime number?
False
Is 18623 composite?
True
Is 33961 a composite number?
False
Is 28115 a composite number?
True
Is 25873 prime?
True
Is 23794 a prime number?
False
Is 62533 prime?
True
Is 15089 prime?
False
Is 758339 a composite number?
False
Is 11027 composite?
False
Is 12323 prime?
True
Is 2927 a prime number?
True
Is 1621286 a prime number?
False
Is 48563 composite?
False
Is 919 a composite number?
False
Is 1105861 composite?
False
Is 668989 a composite number?
False
Is 165115 a prime number?
False
Is 18947 composite?
False
Is 423473 a prime number?
False
Is 1049 a prime number?
True
Is 15891 a composite number?
True
Is 91279 a prime number?
False
Is 12817 composite?
True
Is 168599 a prime number?
True
Is 135257 composite?
False
Is 4421 composite?
False
Is 17881 a composite number?
False
Is 63211 a prime number?
True
Is 70261 composite?
True
Is 8683 a composite number?
True
Is 932951 a prime number?
True
Is 1153661 composite?
True
Is 94553 a prime number?
False
Is 